mposite?
True
Let n(y) = -269 - 58*y + 12*y - 834*y. Is n(-31) a composite number?
False
Let s(l) = 7840*l**2 + 108*l + 213. Is s(-2) a composite number?
False
Let m(x) = 108*x**3 - 3*x**2 + 1. Is m(2) a composite number?
False
Suppose -5*m = 3*m - 64. Suppose 3*p + 3 = c + 4, p + m = 2*c. Suppose 5*d - 5*x - 13799 = -5389, c*d - 2*x - 8419 = 0. Is d a prime number?
False
Let g(x) = 2*x**2 - 26*x + 197. Let n be -8*(-8 + (-63)/(-18)). Is g(n) a prime number?
False
Let a(p) = p - 2. Let g be a(6). Let l = 3781 - 3779. Suppose 0 = l*w - g*w + 166. Is w a composite number?
False
Suppose 19 - 9 = -2*p, 5*w - 903750 = 3*p. Suppose 2*n + w = 5*b, 23*b = 20*b + 4*n + 108437. Is b prime?
True
Let h = -1 - 16. Let x(c) be the second derivative of c**5/20 + 29*c**4/12 + 13*c**3/6 - 10*c**2 + 775*c. Is x(h) composite?
True
Suppose -490285 = -5*r + 5*k, -294171 = -3*r - 80*k + 82*k. Is r prime?
True
Let t be (-7029)/4 - (2 - 45/20). Let y = 5434 - 2770. Let g = t + y. Is g a prime number?
True
Suppose 5*l = 4*l + 18831. Let u = -10330 + l. Is u a prime number?
True
Suppose 0 = -p + 508 + 501. Is p a composite number?
False
Suppose -404*m + 170*m + 36898758 = 0. Is m a prime number?
False
Suppose -765*k + 74972428 = -491*k. Is k a prime number?
False
Let t(f) = -11687*f + 106. Let v be t(-2). Let c = 34273 - v. Is c a prime number?
False
Is (-10 + (-6837544)/(-112))/(6/4 - 0) prime?
True
Suppose -588377 + 236447 = -15*d. Is d a prime number?
False
Let h(z) = -304*z + 3. Let i be h(2). Let x(j) = 33*j**2 + 21*j - 62. Let b be x(5). Let o = b + i. Is o composite?
False
Suppose 5 = 7*a - 16. Suppose -a*m + 1137 = -3816. Is m a prime number?
False
Let a = 114194 - 34399. Is a a composite number?
True
Let f be (0 - 3)*(49918/(-33) + -8). Let j = -741 + f. Is j a composite number?
False
Let u = 30024 + -16677. Let y = 32876 - u. Is y composite?
True
Let t = -221 + 225. Suppose -2*j + 18490 + 678 = -2*s, -4*s + 38360 = t*j. Is j prime?
True
Let r(a) = -14*a - 200. Let j be r(-16). Is j/(-3) + 3 + 1267 a prime number?
False
Let j(p) = 2*p**2 - 8*p + 27. Let s be ((-30)/(-5) + 1)*-2. Let f(i) = -i**3 - 14*i**2 + 2*i + 9. Let h be f(s). Is j(h) composite?
True
Suppose 5*o = -4*a + 5363090, -5*o - 503*a + 5363120 = -505*a. Is o prime?
False
Suppose 17*c - 63430 = -2*o + 20*c, -158601 = -5*o + c. Is o composite?
False
Let x = 163 + -161. Suppose 26096 = 11*c - 6*c + 3*t, -5*c + 26086 = -x*t. Is c composite?
True
Let h = -42897 - -189278. Is h composite?
False
Suppose 2450 = 212*p - 226*p. Is (16 - p) + -1*4 a prime number?
False
Let l = 817155 - 568729. Is l a composite number?
True
Let c = 1364 - -6733. Let a = 13430 - c. Is a composite?
False
Let g = 45 - 41. Suppose -g + 1 = -3*n - 4*a, -a = -n - 6. Is n + (-4)/(-4)*54 a prime number?
False
Suppose 16 = 2*u - 0*u. Suppose 0 = -5*a + 9*a + 24. Is (1234 + a)*(2/u - 0) composite?
False
Is 769132/6 + (-120)/(-360) a composite number?
False
Let f = 183 - 147. Let u = 2469 - f. Is u a prime number?
False
Let x(a) = 14965*a + 174. Is x(5) composite?
True
Suppose 5*z + 3*h = -7202 - 7622, 2*h + 5932 = -2*z. Let d = z + 5550. Is d composite?
True
Let j be (5322/1)/(-3) + -2. Suppose -4*q - 5*i = -3*i + 11142, -2*i = 10. Let a = j - q. Is a a composite number?
True
Let k(y) be the first derivative of -247*y**2 - 51*y - 146. Is k(-2) composite?
False
Let x(o) = -o - 18. Let y be x(-10). Let m be 10/y - (-693)/84. Suppose 17*u - 1570 = m*u. Is u a prime number?
True
Let p(f) = -319*f**3 + 3*f**2 + 6*f + 7. Let r be p(-3). Suppose -10*n + 1341 + r = 0. Is n a composite number?
False
Let u = 90962 + -35493. Is u a composite number?
False
Let b(o) = 9645*o - 3836. Is b(21) a prime number?
False
Let m be 26262/(-10) + 11/55. Let h = m - -9173. Is h a composite number?
False
Suppose 253121 = d - 4*o, -759384 = -3*d - 285*o + 290*o. Is d prime?
True
Is ((-749032)/(-20))/(-2)*(26 - 31) a prime number?
True
Let o(h) = 10264*h**2 - 1. Let q be o(-1). Suppose 9*t - 600 = q. Let z = 3138 - t. Is z prime?
True
Suppose 3*i + 2*d - 492459 = 0, -13*i - 4*d + 9*d + 2133989 = 0. Is i a prime number?
False
Let g be 2 - 2 - 19*63. Let i = 2500 - 824. Let m = i + g. Is m a composite number?
False
Let p = -109 - -195. Let s = p + -85. Let z(k) = 2214*k + 7. Is z(s) a prime number?
True
Let b(x) = 2*x**2 - 5*x + 4. Let o be b(4). Is 14056/o*(3 + -1) prime?
False
Let c(b) = 2*b - 9 + 76*b**2 - 10*b - 6 - 2. Is c(6) composite?
False
Let k = -620297 + 2683882. Is k a composite number?
True
Suppose -5*k = 5*v - 20253475, -5*v + 3*k + 1123756 + 19129767 = 0. Is v prime?
True
Let p = -2609 - -4563. Suppose s = p - 593. Is s composite?
False
Suppose 3*w - 2*f - 43 = 21, 5*w - 2*f - 104 = 0. Is w/210 - 576003/(-63) composite?
True
Let s(d) be the first derivative of 299*d**4/4 + d**3/3 - 3*d**2/2 + 2*d + 44. Is s(1) a prime number?
False
Let a(s) = 3*s**3 + 22*s**2 - 77*s - 319. Is a(27) a prime number?
True
Let c = 108 - 104. Suppose -2*v + f + 42 = -6, -94 = -3*v - c*f. Suppose -21*z = -v*z + 1255. Is z a composite number?
False
Let r(h) be the first derivative of h**3/3 + 3*h**2/2 + 2*h - 11. Let w be r(-5). Is 633*((-44)/w + 4) prime?
True
Let z(s) = 1767*s + 1139. Is z(4) a prime number?
False
Suppose n = -2*j + 6, 7*j - 5*j - 5*n - 18 = 0. Suppose 0 = 3*i - i. Suppose 2*d - j*q = 6*d - 1936, i = 3*q - 15. Is d a prime number?
True
Suppose 0 = 5*s - 45 + 15, 0 = 5*v + 2*s - 7850597. Is v a prime number?
True
Suppose 23*n = 28*n - 10. Suppose 2*f - q = -n*f + 6737, 3*q - 5034 = -3*f. Let g = f - 616. Is g prime?
False
Suppose -2*x - 19 = -5*j, -4*j = -j - 5*x. Suppose -4*v = -b + 4*b - 31432, j*v - 39283 = -2*b. Is v a composite number?
True
Let p = 94873 + -46646. Is p a composite number?
True
Suppose 3*i = 5 + 4. Let r be (-4)/i + (-6)/9. Is r/(-5) + 4263/5 prime?
True
Let m be (-11)/33 + 32530/3. Suppose 30*w - 26*w - 130180 = 0. Suppose 2*t - w = o - 4*o, -2*t - m = -o. Is o a prime number?
True
Let o = -237 + 229. Is o/(-4) + (3 + 10442 - -4) a composite number?
True
Let w be 8 + (-5 - (0 - 1)). Suppose w*k - 1425 - 191 = 0. Suppose -3*a + 1283 = k. Is a composite?
False
Suppose 2*h - 3838 = 5*k, -1918 = 2*h - 3*h + 3*k. Suppose -25*r - 1443 = -3*y - 22*r, -r = -4*y + h. Is y a prime number?
False
Suppose -15*l + 12*l + y = -1128586, 0 = 5*l - 5*y - 1880980. Is l composite?
True
Suppose 0 = -5*j + 15, -a - 4*a + 45 = 5*j. Let p(q) = 38 - 3*q + q - a*q. Is p(-10) a prime number?
False
Suppose -a + 4*a + 1389 = l, 2*l - 2775 = 5*a. Is l/2 + -9 + 10 + 0 a prime number?
True
Is (-21 - -6)/5 + 49768/4 a prime number?
False
Let n = 156 + -143. Suppose 10*l + 1131 = n*l. Is l composite?
True
Suppose -5*t - 20 = 3*d - t, t = -4*d - 5. Suppose 9*x - 12*x + 726 = d. Suppose 4*k = -x + 1830. Is k prime?
True
Let d(j) = 83*j**2 - 7*j + 1. Let r(o) = -497*o**2 + 43*o - 7. Let v(b) = 39*d(b) + 6*r(b). Let q be v(-7). Let h = q + -8804. Is h composite?
False
Suppose d + 36 = 46. Suppose d*g = 6 + 44. Suppose 4*y = 2*j - 1934, 2*j - g*y + 7*y - 1952 = 0. Is j prime?
False
Let a = -159 - -153. Let b(n) = -10*n**3 - 3*n**2 - 6*n - 7. Is b(a) a prime number?
True
Suppose 2*l - 322 = 56. Suppose j - 2*j - 2284 = 0. Let u = l - j. Is u a prime number?
True
Let s(p) = 18*p**3 + 2*p**2 - 7*p - 4. Let f be s(6). Let c be 2/6 - (-39872)/48. Let u = f - c. Is u composite?
False
Let l(c) = 134*c**3 - 25*c**2 + 6*c - 168. Is l(13) prime?
True
Is ((-6)/(-4))/(-12*8/(-171712)) prime?
True
Suppose -13*z - 385 = -8. Let b(v) = 12*v**2 + 65*v + 126. Is b(z) a prime number?
False
Suppose -3645192 + 37355516 = 186*u - 9442234. Is u composite?
False
Let j = -22 - -38. Suppose 2*t - j = -4*n, -2*t - n - 11 = -6*n. Suppose -q = -3*o - 85, -5*o = -t*q + 6*q - 306. Is q a prime number?
True
Suppose 3*y - 160239 = -6*j, 133537 = 5*j - 2*y - 0*y. Is j prime?
False
Let g(r) = 2*r + 22. Let h be g(-8). Is 7/(-147)*h - (-217503)/21 a prime number?
True
Suppose -239850 = -3*b - 15*b. Suppose 7*s - b = -2580. Is s prime?
False
Let w(l) be the first derivative of -51*l**2/2 + 81*l - 43. Is w(-8) a prime number?
False
Let o = -7710 + 10865. Let i = -1794 + o. Is i composite?
False
Suppose 2*r = -3*r + 70. Suppose 15*w = 39 - 9. Suppose r*n = w*n + 5244. Is n a composite number?
True
Let z(l